{"id":83902,"date":"2020-11-12T10:42:35","date_gmt":"2020-11-12T09:42:35","guid":{"rendered":"http:\/\/wp1002813.server-he.de\/_fc\/?page_id=83902"},"modified":"2021-04-20T10:53:55","modified_gmt":"2021-04-20T08:53:55","slug":"besucher","status":"publish","type":"page","link":"http:\/\/wp1002813.server-he.de\/_fc\/besucher\/","title":{"rendered":"Besucher"},"content":{"rendered":"<p>[vc_row row_height_percent=&#8221;90&#8243; back_color=&#8221;accent&#8221; back_image=&#8221;84797&#8243; overlay_color=&#8221;color-210407&#8243; overlay_alpha=&#8221;90&#8243; equal_height=&#8221;yes&#8221; gutter_size=&#8221;0&#8243; column_width_use_pixel=&#8221;yes&#8221; shift_y=&#8221;0&#8243; z_index=&#8221;0&#8243; row_name=&#8221;Welcome&#8221;][vc_column column_width_use_pixel=&#8221;yes&#8221; position_vertical=&#8221;middle&#8221; align_horizontal=&#8221;align_center&#8221; gutter_size=&#8221;3&#8243; style=&#8221;dark&#8221; overlay_alpha=&#8221;50&#8243; shift_x=&#8221;0&#8243; shift_y=&#8221;0&#8243; shift_y_down=&#8221;0&#8243; z_index=&#8221;0&#8243; medium_width=&#8221;0&#8243; mobile_width=&#8221;0&#8243; width=&#8221;1\/1&#8243;][vc_custom_heading css_animation=&#8221;top-t-bottom&#8221;]Innovativ, fokussiert, smart:<br \/>\nErleben Sie die Qualit\u00e4ts-Fachmesse auf Augenh\u00f6he![\/vc_custom_heading][vc_column_text text_lead=&#8221;yes&#8221; css_animation=&#8221;bottom-t-top&#8221; animation_delay=&#8221;2000&#8243;]Freuen Sie sich auf die neue internationale B2B-Fachmesse FitnessConnected vom 18. bis 20. November 2021 in M\u00fcnchen! Hier erleben Sie zukunftsweisende Produkte, Services und Konzepte aus der interdisziplin\u00e4ren Fachwelt von Gesundheit, Sport und Fitness in einem angenehmen und pers\u00f6nlichen Rahmen. Sie treffen auf wichtige Pioniere der Branche und erhalten genau das kompakte Fachwissen f\u00fcr Ihr individuelles Business.[\/vc_column_text][\/vc_column][\/vc_row][vc_row row_height_percent=&#8221;0&#8243; override_padding=&#8221;yes&#8221; h_padding=&#8221;2&#8243; top_padding=&#8221;5&#8243; bottom_padding=&#8221;2&#8243; back_color=&#8221;color-164593&#8243; overlay_alpha=&#8221;50&#8243; gutter_size=&#8221;3&#8243; column_width_percent=&#8221;100&#8243; shift_y=&#8221;0&#8243; z_index=&#8221;0&#8243;][vc_column column_width_percent=&#8221;80&#8243; position_vertical=&#8221;middle&#8221; align_horizontal=&#8221;align_center&#8221; gutter_size=&#8221;3&#8243; overlay_alpha=&#8221;50&#8243; shift_x=&#8221;0&#8243; shift_y=&#8221;0&#8243; shift_y_down=&#8221;0&#8243; z_index=&#8221;0&#8243; medium_width=&#8221;0&#8243; mobile_width=&#8221;0&#8243; width=&#8221;1\/1&#8243;][vc_custom_heading sub_lead=&#8221;yes&#8221; subheading=&#8221;Schwierige Zeiten erfordern innovative Konzepte: FitnessConnected bietet Ihnen ein sehr fokussiertes, qualitativ hochwertiges und gleichzeitig sicheres Messeerlebnis.&#8221;]Viele Vorteile auf einmal nutzen[\/vc_custom_heading][\/vc_column][\/vc_row][vc_row row_height_percent=&#8221;0&#8243; override_padding=&#8221;yes&#8221; h_padding=&#8221;2&#8243; top_padding=&#8221;2&#8243; bottom_padding=&#8221;0&#8243; back_color=&#8221;color-164593&#8243; overlay_alpha=&#8221;50&#8243; gutter_size=&#8221;3&#8243; column_width_percent=&#8221;100&#8243; shift_y=&#8221;0&#8243; z_index=&#8221;0&#8243;][vc_column column_width_percent=&#8221;100&#8243; gutter_size=&#8221;2&#8243; expand_height=&#8221;yes&#8221; style=&#8221;dark&#8221; back_color=&#8221;color-210407&#8243; overlay_alpha=&#8221;50&#8243; shift_x=&#8221;0&#8243; shift_y=&#8221;0&#8243; shift_y_down=&#8221;0&#8243; z_index=&#8221;0&#8243; medium_width=&#8221;0&#8243; mobile_width=&#8221;0&#8243; width=&#8221;1\/3&#8243;][vc_custom_heading heading_semantic=&#8221;h5&#8243; text_size=&#8221;h4&#8243; text_transform=&#8221;uppercase&#8221; text_color=&#8221;accent&#8221;]interdisziplin\u00e4r[\/vc_custom_heading][vc_column_text]Treffen Sie pers\u00f6nlich auf zukunftsweisende internationale Anbieter aus der gesamten Fachwelt Gesundheit, Sport und Fitness![\/vc_column_text][\/vc_column][vc_column column_width_percent=&#8221;100&#8243; gutter_size=&#8221;2&#8243; expand_height=&#8221;yes&#8221; style=&#8221;dark&#8221; back_color=&#8221;color-210407&#8243; overlay_alpha=&#8221;50&#8243; shift_x=&#8221;0&#8243; shift_y=&#8221;0&#8243; shift_y_down=&#8221;0&#8243; z_index=&#8221;0&#8243; medium_width=&#8221;0&#8243; mobile_width=&#8221;0&#8243; width=&#8221;1\/3&#8243;][vc_custom_heading heading_semantic=&#8221;h5&#8243; text_size=&#8221;h4&#8243; text_transform=&#8221;uppercase&#8221; text_color=&#8221;accent&#8221;]Innovativ[\/vc_custom_heading][vc_column_text]Lassen Sie sich inspirieren von zahlreichen innovativen Produkten, Services und Konzepten, auch f\u00fcr postpandemische Zeiten![\/vc_column_text][\/vc_column][vc_column column_width_percent=&#8221;100&#8243; gutter_size=&#8221;2&#8243; expand_height=&#8221;yes&#8221; style=&#8221;dark&#8221; back_color=&#8221;color-210407&#8243; overlay_alpha=&#8221;50&#8243; shift_x=&#8221;0&#8243; shift_y=&#8221;0&#8243; shift_y_down=&#8221;0&#8243; z_index=&#8221;0&#8243; medium_width=&#8221;0&#8243; mobile_width=&#8221;0&#8243; width=&#8221;1\/3&#8243;][vc_custom_heading heading_semantic=&#8221;h5&#8243; text_size=&#8221;h4&#8243; text_transform=&#8221;uppercase&#8221; text_color=&#8221;accent&#8221;]Smart[\/vc_custom_heading][vc_column_text]Bilden Sie sich umfangreich weiter bei einem hochkar\u00e4tigen, attraktiven Rahmenprogramm aus Fachsymposien, Kongressen, Workshops und Keynotes![\/vc_column_text][\/vc_column][\/vc_row][vc_row row_height_percent=&#8221;0&#8243; override_padding=&#8221;yes&#8221; h_padding=&#8221;2&#8243; top_padding=&#8221;2&#8243; bottom_padding=&#8221;5&#8243; back_color=&#8221;color-164593&#8243; overlay_alpha=&#8221;50&#8243; gutter_size=&#8221;3&#8243; column_width_percent=&#8221;100&#8243; shift_y=&#8221;0&#8243; z_index=&#8221;0&#8243;][vc_column column_width_percent=&#8221;100&#8243; gutter_size=&#8221;2&#8243; expand_height=&#8221;yes&#8221; style=&#8221;dark&#8221; back_color=&#8221;color-210407&#8243; overlay_alpha=&#8221;50&#8243; shift_x=&#8221;0&#8243; shift_y=&#8221;0&#8243; shift_y_down=&#8221;0&#8243; z_index=&#8221;0&#8243; medium_width=&#8221;0&#8243; mobile_width=&#8221;0&#8243; width=&#8221;1\/3&#8243;][vc_custom_heading heading_semantic=&#8221;h5&#8243; text_size=&#8221;h4&#8243; text_transform=&#8221;uppercase&#8221; text_color=&#8221;accent&#8221;]Safe[\/vc_custom_heading][vc_column_text]Bewegen Sie sich frei an einem jederzeit sicheren Veranstaltungsort dank vorausschauendem Pandemie-Konzept![\/vc_column_text][\/vc_column][vc_column column_width_percent=&#8221;100&#8243; gutter_size=&#8221;2&#8243; expand_height=&#8221;yes&#8221; style=&#8221;dark&#8221; back_color=&#8221;color-210407&#8243; overlay_alpha=&#8221;50&#8243; shift_x=&#8221;0&#8243; shift_y=&#8221;0&#8243; shift_y_down=&#8221;0&#8243; z_index=&#8221;0&#8243; medium_width=&#8221;0&#8243; mobile_width=&#8221;0&#8243; width=&#8221;1\/3&#8243;][vc_custom_heading heading_semantic=&#8221;h5&#8243; text_size=&#8221;h4&#8243; text_transform=&#8221;uppercase&#8221; text_color=&#8221;accent&#8221;]Focused[\/vc_custom_heading][vc_column_text]Fokussieren Sie sich auf Ihr Business und Fachthemen bei einer reinen B2B-Veranstaltung![\/vc_column_text][\/vc_column][vc_column column_width_percent=&#8221;100&#8243; gutter_size=&#8221;2&#8243; expand_height=&#8221;yes&#8221; style=&#8221;dark&#8221; back_color=&#8221;color-210407&#8243; overlay_alpha=&#8221;50&#8243; shift_x=&#8221;0&#8243; shift_y=&#8221;0&#8243; shift_y_down=&#8221;0&#8243; z_index=&#8221;0&#8243; medium_width=&#8221;0&#8243; mobile_width=&#8221;0&#8243; width=&#8221;1\/3&#8243;][vc_custom_heading heading_semantic=&#8221;h5&#8243; text_size=&#8221;h4&#8243; text_transform=&#8221;uppercase&#8221; text_color=&#8221;accent&#8221;]Fair[\/vc_custom_heading][vc_column_text]Profitieren Sie von einem sehr guten Preis-Leistungs-Verh\u00e4ltnis mit kostenlosem Catering![\/vc_column_text][\/vc_column][\/vc_row][vc_row unlock_row_content=&#8221;yes&#8221; row_height_percent=&#8221;0&#8243; override_padding=&#8221;yes&#8221; h_padding=&#8221;2&#8243; top_padding=&#8221;5&#8243; bottom_padding=&#8221;5&#8243; overlay_alpha=&#8221;50&#8243; equal_height=&#8221;yes&#8221; gutter_size=&#8221;0&#8243; column_width_percent=&#8221;100&#8243; shift_y=&#8221;0&#8243; z_index=&#8221;0&#8243;][vc_column column_width_percent=&#8221;100&#8243; gutter_size=&#8221;0&#8243; overlay_alpha=&#8221;50&#8243; shift_x=&#8221;0&#8243; shift_y=&#8221;0&#8243; shift_y_down=&#8221;0&#8243; z_index=&#8221;0&#8243; medium_width=&#8221;0&#8243; mobile_width=&#8221;0&#8243; width=&#8221;1\/2&#8243; mobile_height=&#8221;340&#8243;][vc_single_image media=&#8221;84087&#8243; media_width_percent=&#8221;100&#8243;][\/vc_column][vc_column column_width_use_pixel=&#8221;yes&#8221; gutter_size=&#8221;3&#8243; override_padding=&#8221;yes&#8221; column_padding=&#8221;3&#8243; overlay_alpha=&#8221;50&#8243; shift_x=&#8221;0&#8243; shift_y=&#8221;0&#8243; shift_y_down=&#8221;0&#8243; z_index=&#8221;0&#8243; medium_width=&#8221;0&#8243; mobile_width=&#8221;0&#8243; width=&#8221;1\/2&#8243; column_width_pixel=&#8221;750&#8243;][vc_custom_heading]Ihr Messebesuch: transparent, angenehm und pers\u00f6nlich[\/vc_custom_heading][vc_column_text]Damit Sie das Beste aus Ihrem Messebesuch herausholen k\u00f6nnen, haben wir das Hallenlayout klar in acht \u00fcbersichtliche Ausstellerkategorien gegliedert. Besonders breite G\u00e4nge, spezielle Meeting-Areas f\u00fcr den ungest\u00f6rten Austausch und ein zentrales Catering geben Ihnen ausreichend Raum sowohl f\u00fcr Ihr individuelles Business als auch f\u00fcr Ihr Wohlbefinden. Planen Sie schon vorab Ihr individuelles Messeerlebnis und verschaffen sich einen detaillierten \u00dcberblick in unserem Hallenbelegungsplan.[\/vc_column_text][vc_empty_space empty_h=&#8221;1&#8243;][vc_row_inner][vc_column_inner column_width_percent=&#8221;100&#8243; gutter_size=&#8221;3&#8243; overlay_alpha=&#8221;50&#8243; shift_x=&#8221;0&#8243; shift_y=&#8221;0&#8243; shift_y_down=&#8221;0&#8243; z_index=&#8221;0&#8243; medium_width=&#8221;4&#8243; mobile_width=&#8221;0&#8243; width=&#8221;1\/1&#8243;][vc_button button_color=&#8221;accent&#8221; outline=&#8221;yes&#8221; border_width=&#8221;0&#8243; icon=&#8221;fa fa-map2&#8243; link=&#8221;url:http%3A%2F%2Fwp1002813.server-he.de%2F_fc%2Fwp-content%2Fuploads%2F2021%2F04%2FHallenplan-C5.pdf|title:Hallenbelegungsplan%20C5&#8243;]Hallenbelegungsplan C5[\/vc_button][vc_button button_color=&#8221;accent&#8221; outline=&#8221;yes&#8221; border_width=&#8221;0&#8243; icon=&#8221;fa fa-map2&#8243; link=&#8221;url:http%3A%2F%2Fwp1002813.server-he.de%2F_fc%2Fwp-content%2Fuploads%2F2021%2F04%2FHallenplan-C6.pdf|title:Hallenbelegungsplan%20C6&#8243;]Hallenbelegungsplan C6[\/vc_button][\/vc_column_inner][\/vc_row_inner][\/vc_column][\/vc_row][vc_row unlock_row_content=&#8221;yes&#8221; row_height_percent=&#8221;50&#8243; override_padding=&#8221;yes&#8221; h_padding=&#8221;0&#8243; top_padding=&#8221;0&#8243; bottom_padding=&#8221;0&#8243; back_color=&#8221;color-164593&#8243; overlay_alpha=&#8221;50&#8243; equal_height=&#8221;yes&#8221; gutter_size=&#8221;0&#8243; column_width_percent=&#8221;100&#8243; shift_y=&#8221;0&#8243; z_index=&#8221;0&#8243;][vc_column column_width_use_pixel=&#8221;yes&#8221; position_vertical=&#8221;middle&#8221; gutter_size=&#8221;2&#8243; override_padding=&#8221;yes&#8221; column_padding=&#8221;4&#8243; overlay_alpha=&#8221;50&#8243; shift_x=&#8221;0&#8243; shift_y=&#8221;0&#8243; shift_y_down=&#8221;0&#8243; z_index=&#8221;0&#8243; medium_width=&#8221;0&#8243; mobile_width=&#8221;0&#8243; width=&#8221;1\/2&#8243; column_width_pixel=&#8221;750&#8243;][vc_custom_heading heading_semantic=&#8221;h3&#8243;]Ihre Gesundheit und Sicherheit sind bei uns in guten H\u00e4nden[\/vc_custom_heading][vc_column_text]Unser ausgereiftes Pandemie-Konzept garantiert Ihnen einen gut planbaren und angenehmen Messebesuch. Wir setzen auf eine gro\u00dfz\u00fcgige Hallenplanung, viele Zwischeng\u00e4nge und verzichten auf Shows an den St\u00e4nden \u2013 getreu auch unseres Mottos \u201eFocus on the most important: your business!\u201c<\/p>\n<p>Damit die FitnessConnected sicher eine \u201eNoCovid-Area\u201c bleibt, bieten wir Ihnen ein H\u00f6chstma\u00df an Infektionsschutz: Vor dem Messegel\u00e4nde haben wir ein Schnelltest-Center f\u00fcr Sie installiert. Sollten Sie am Messetag noch keine beh\u00f6rdlich akzeptierte Impf- oder Schnelltest-Bescheinigung haben, erhalten Sie hier einen kostenlosen und einfachen Schnelltest durch unser Messe-Team. Gro\u00dfe Menschenansammlungen im Eingangsbereich vermeiden wir, indem wir zum Beispiel verschiedene Startzeiten f\u00fcr die Messe und f\u00fcr die Rahmenveranstaltungen ansetzen. Sie k\u00f6nnen sich also gut aufgehoben f\u00fchlen \u2013 und auf ein angenehmes Messeerlebnis freuen![\/vc_column_text][\/vc_column][vc_column column_width_percent=&#8221;100&#8243; gutter_size=&#8221;3&#8243; back_image=&#8221;85852&#8243; overlay_alpha=&#8221;50&#8243; shift_x=&#8221;0&#8243; shift_y=&#8221;0&#8243; shift_y_down=&#8221;0&#8243; z_index=&#8221;0&#8243; medium_width=&#8221;0&#8243; mobile_width=&#8221;0&#8243; width=&#8221;1\/2&#8243; mobile_height=&#8221;300&#8243;][\/vc_column][\/vc_row][vc_row row_height_percent=&#8221;35&#8243; override_padding=&#8221;yes&#8221; h_padding=&#8221;0&#8243; top_padding=&#8221;5&#8243; bottom_padding=&#8221;2&#8243; back_color=&#8221;color-210407&#8243; overlay_alpha=&#8221;95&#8243; equal_height=&#8221;yes&#8221; gutter_size=&#8221;4&#8243; column_width_percent=&#8221;100&#8243; shift_y=&#8221;0&#8243; z_index=&#8221;0&#8243;][vc_column column_width_percent=&#8221;100&#8243; position_vertical=&#8221;middle&#8221; align_horizontal=&#8221;align_center&#8221; gutter_size=&#8221;3&#8243; style=&#8221;dark&#8221; overlay_alpha=&#8221;50&#8243; shift_x=&#8221;0&#8243; shift_y=&#8221;0&#8243; shift_y_down=&#8221;0&#8243; z_index=&#8221;0&#8243; medium_width=&#8221;0&#8243; mobile_width=&#8221;0&#8243; width=&#8221;1\/1&#8243;][vc_custom_heading sub_lead=&#8221;yes&#8221; subheading=&#8221;Bei unserem kompakten und interdisziplin\u00e4ren Rahmenprogramm kommt unser ganzheitlicher Ansatz klar zum Ausdruck: An vier Tagen pr\u00e4sentieren Ihnen internationale Expertinnen und Experten Innovationen und Trends aus ganz unterschiedlichen Themenwelten: von Fitness \u00fcber Physiotherapie und Reha bis hin zur Immobilienwirtschaft. Holen Sie sich den Wissensvorsprung f\u00fcr Ihr individuelles Know-how:&#8221;]Learn for life! Holen Sie sich den Wissensvorsprung![\/vc_custom_heading][vc_single_image media=&#8221;85816&#8243; media_lightbox=&#8221;yes&#8221; media_width_percent=&#8221;85&#8243; alignment=&#8221;center&#8221;][vc_button button_color=&#8221;color-xsdn&#8221; outline=&#8221;yes&#8221; border_width=&#8221;0&#8243; link=&#8221;url:http%3A%2F%2Fwp1002813.server-he.de%2F_fc%2Fwp-content%2Fuploads%2F2021%2F04%2FFC_Programmuebersicht_download_DE.pdf|target:_blank&#8221;]Download[\/vc_button][\/vc_column][\/vc_row][vc_row row_height_percent=&#8221;0&#8243; override_padding=&#8221;yes&#8221; h_padding=&#8221;2&#8243; top_padding=&#8221;2&#8243; bottom_padding=&#8221;5&#8243; back_color=&#8221;color-210407&#8243; overlay_alpha=&#8221;50&#8243; gutter_size=&#8221;3&#8243; column_width_percent=&#8221;100&#8243; shift_y=&#8221;0&#8243; z_index=&#8221;0&#8243;][vc_column column_width_percent=&#8221;60&#8243; gutter_size=&#8221;3&#8243; style=&#8221;dark&#8221; overlay_alpha=&#8221;50&#8243; shift_x=&#8221;0&#8243; shift_y=&#8221;0&#8243; shift_y_down=&#8221;0&#8243; z_index=&#8221;0&#8243; medium_width=&#8221;0&#8243; mobile_width=&#8221;0&#8243; width=&#8221;1\/1&#8243;][vc_column_text text_lead=&#8221;yes&#8221;]Erfahren Sie mehr \u00fcber die einzelnen Programmpunkte, die Veranstalter und die verschiedenen Preis-Optionen:[\/vc_column_text][vc_accordion history=&#8221;yes&#8221; typography=&#8221;yes&#8221; active_tab=&#8221;0&#8243;][vc_accordion_tab gutter_size=&#8221;2&#8243; column_padding=&#8221;2&#8243; title=&#8221;ACISO CONGRESS&#8221; tab_id=&#8221;1616696579-2-611617959947570&#8243;][vc_single_image media=&#8221;85318&#8243; media_width_percent=&#8221;30&#8243;][vc_empty_space empty_h=&#8221;1&#8243;][vc_column_text]Der ACISO Kongress z\u00e4hlt mit seinen hochkar\u00e4tigen Key-Note-Speakern und dem erstklassigen Rahmenprogramm zu den Highlights der Fitnesswirtschaft \u2013 und ist das perfekte Pre-Opening zur FitnessConnected.[\/vc_column_text][\/vc_accordion_tab][vc_accordion_tab gutter_size=&#8221;2&#8243; column_padding=&#8221;2&#8243; title=&#8221;IHRSA SMART Summit&#8221; tab_id=&#8221;1616776457520-2-81617959947570&#8243;][vc_single_image media=&#8221;85320&#8243; media_width_percent=&#8221;30&#8243;][vc_empty_space empty_h=&#8221;1&#8243;][vc_column_text]FitnessConnected goes global: Vom 18. bis 20. November 2021 f\u00fchrt der renommierte global t\u00e4tige Verband IHRSA (International Health, Racquet &amp; Sportsclub Association) erstmalig die Konferenz \u201eIHRSA SMART Summit\u201c als Begleitveranstaltung durch \u2013 als einziges Event der IHRSA dieses Jahr in Europa.[\/vc_column_text][\/vc_accordion_tab][vc_accordion_tab gutter_size=&#8221;2&#8243; column_padding=&#8221;2&#8243; title=&#8221;IFAA Solutions 21&#8243; tab_id=&#8221;1616696579-1-341617959947570&#8243;][vc_single_image media=&#8221;85517&#8243; media_width_percent=&#8221;30&#8243;][vc_empty_space empty_h=&#8221;1&#8243;][vc_column_text]Als Akademie f\u00fcr Fitness, Wellness und Gesundheit bereichert die IFAA unsere Fachmesse mit jahrzehntelanger Markterfahrung in puncto Personal- und Qualit\u00e4tsmanagement, Marketing sowie Pers\u00f6nlichkeits- und F\u00fchrungskr\u00e4fteentwicklung.[\/vc_column_text][\/vc_accordion_tab][vc_accordion_tab gutter_size=&#8221;2&#8243; column_padding=&#8221;2&#8243; title=&#8221;FITNESS REAL ESTATE + INVESTMENT SUMMIT&#8221; tab_id=&#8221;1616776530176-5-01617959947570&#8243;][vc_single_image media=&#8221;85514&#8243; media_width_percent=&#8221;30&#8243;][vc_empty_space empty_h=&#8221;1&#8243;][vc_column_text]Das Matchmaking-Event f\u00fcr die Big Deals: Rund um Lage, Lage, Lage und Investments geht es bei dieser hochkar\u00e4tigen Fachveranstaltung am 19. November und 20. November 2021 \u2013 gerade f\u00fcr postpandemische Zeiten ein spannendes und hochrelevantes Thema![\/vc_column_text][\/vc_accordion_tab][vc_accordion_tab gutter_size=&#8221;2&#8243; column_padding=&#8221;2&#8243; title=&#8221;Forum der Experten Allianz f\u00fcr Gesundheit e.V.&#8221; tab_id=&#8221;1616776502564-4-11617959947570&#8243;][vc_single_image media=&#8221;85512&#8243; media_width_percent=&#8221;30&#8243;][vc_empty_space empty_h=&#8221;1&#8243;][vc_column_text]Wissenschaft im Dialog: Das Forum Experten Allianz f\u00fcr Gesundheit e. V. ist die Plattform f\u00fcr neueste evidenzbasierte wissenschaftliche Studien \u2013 und ein Podium f\u00fcr den Austausch mit Politik, Verb\u00e4nden und Kommunikation.[\/vc_column_text][\/vc_accordion_tab][vc_accordion_tab gutter_size=&#8221;2&#8243; column_padding=&#8221;2&#8243; title=&#8221;PhysioBIZZ-Kongress&#8221; tab_id=&#8221;1616776484331-3-101617959947570&#8243;][vc_single_image media=&#8221;85310&#8243; media_width_percent=&#8221;30&#8243;][vc_empty_space empty_h=&#8221;1&#8243;][vc_column_text]Evidenzbasierte Therapie trifft Digital Fitness: Der neue Physiotherapiekongress \u201ePhysioBIZZ\u201c, besetzt mit hochkar\u00e4tigen Pers\u00f6nlichkeiten aus der internationalen Physiotherapie- und Reha-Forschung, fokussiert die Digitalisierungs-Themen im Arbeitsalltag heute und morgen.[\/vc_column_text][\/vc_accordion_tab][\/vc_accordion][\/vc_column][\/vc_row][vc_row row_height_percent=&#8221;0&#8243; override_padding=&#8221;yes&#8221; h_padding=&#8221;2&#8243; top_padding=&#8221;5&#8243; bottom_padding=&#8221;5&#8243; overlay_alpha=&#8221;50&#8243; gutter_size=&#8221;3&#8243; column_width_percent=&#8221;100&#8243; shift_y=&#8221;0&#8243; z_index=&#8221;0&#8243;][vc_column column_width_percent=&#8221;100&#8243; align_horizontal=&#8221;align_center&#8221; gutter_size=&#8221;3&#8243; overlay_alpha=&#8221;50&#8243; shift_x=&#8221;0&#8243; shift_y=&#8221;0&#8243; shift_y_down=&#8221;0&#8243; z_index=&#8221;0&#8243; medium_width=&#8221;0&#8243; mobile_width=&#8221;0&#8243; width=&#8221;1\/1&#8243;][vc_custom_heading sub_lead=&#8221;yes&#8221; subheading=&#8221;Wir bieten Ihnen h\u00f6chste Fachqualit\u00e4t zu fairen Preisen. All inclusive sind Getr\u00e4nke und Catering!&#8221;]Ihr Ticket zur neuen Premium-B2B-Fachmesse[\/vc_custom_heading][vc_button button_color=&#8221;accent&#8221; border_width=&#8221;0&#8243; link=&#8221;url:%23&#8243;]\u2013 Ticketshop in K\u00fcrze verf\u00fcgbar \u2013[\/vc_button][\/vc_column][\/vc_row][vc_row unlock_row_content=&#8221;yes&#8221; row_height_percent=&#8221;0&#8243; override_padding=&#8221;yes&#8221; h_padding=&#8221;0&#8243; top_padding=&#8221;0&#8243; bottom_padding=&#8221;0&#8243; overlay_alpha=&#8221;100&#8243; gutter_size=&#8221;0&#8243; style=&#8221;inherited&#8221;][\/vc_row][vc_row unlock_row_content=&#8221;yes&#8221; row_height_percent=&#8221;0&#8243; override_padding=&#8221;yes&#8221; h_padding=&#8221;0&#8243; top_padding=&#8221;0&#8243; bottom_padding=&#8221;0&#8243; overlay_alpha=&#8221;50&#8243; equal_height=&#8221;yes&#8221; gutter_size=&#8221;0&#8243; shift_y=&#8221;0&#8243;][\/vc_row]<\/p>\n","protected":false},"excerpt":{"rendered":"<p>[vc_row row_height_percent=&#8221;90&#8243; back_color=&#8221;accent&#8221; back_image=&#8221;84797&#8243; overlay_color=&#8221;color-210407&#8243; overlay_alpha=&#8221;90&#8243; equal_height=&#8221;yes&#8221; gutter_size=&#8221;0&#8243; column_width_use_pixel=&#8221;yes&#8221; shift_y=&#8221;0&#8243; z_index=&#8221;0&#8243; row_name=&#8221;Welcome&#8221;][vc_column column_width_use_pixel=&#8221;yes&#8221; position_vertical=&#8221;middle&#8221; align_horizontal=&#8221;align_center&#8221; gutter_size=&#8221;3&#8243; style=&#8221;dark&#8221; overlay_alpha=&#8221;50&#8243; shift_x=&#8221;0&#8243; shift_y=&#8221;0&#8243; [&hellip;]<\/p>\n","protected":false},"author":1,"featured_media":0,"parent":0,"menu_order":0,"comment_status":"closed","ping_status":"closed","template":"","meta":[],"_links":{"self":[{"href":"http:\/\/wp1002813.server-he.de\/_fc\/wp-json\/wp\/v2\/pages\/83902"}],"collection":[{"href":"http:\/\/wp1002813.server-he.de\/_fc\/wp-json\/wp\/v2\/pages"}],"about":[{"href":"http:\/\/wp1002813.server-he.de\/_fc\/wp-json\/wp\/v2\/types\/page"}],"author":[{"embeddable":true,"href":"http:\/\/wp1002813.server-he.de\/_fc\/wp-json\/wp\/v2\/users\/1"}],"replies":[{"embeddable":true,"href":"http:\/\/wp1002813.server-he.de\/_fc\/wp-json\/wp\/v2\/comments?post=83902"}],"version-history":[{"count":158,"href":"http:\/\/wp1002813.server-he.de\/_fc\/wp-json\/wp\/v2\/pages\/83902\/revisions"}],"predecessor-version":[{"id":85854,"href":"http:\/\/wp1002813.server-he.de\/_fc\/wp-json\/wp\/v2\/pages\/83902\/revisions\/85854"}],"wp:attachment":[{"href":"http:\/\/wp1002813.server-he.de\/_fc\/wp-json\/wp\/v2\/media?parent=83902"}],"curies":[{"name":"wp","href":"https:\/\/api.w.org\/{rel}","templated":true}]}}