{"id":83897,"date":"2020-11-12T10:10:44","date_gmt":"2020-11-12T09:10:44","guid":{"rendered":"http:\/\/wp1002813.server-he.de\/_fc\/?page_id=83897"},"modified":"2021-05-03T15:47:22","modified_gmt":"2021-05-03T13:47:22","slug":"ecosystem","status":"publish","type":"page","link":"http:\/\/wp1002813.server-he.de\/_fc\/ecosystem\/","title":{"rendered":"Ecosystem"},"content":{"rendered":"<p>[vc_row row_height_percent=&#8221;90&#8243; back_color=&#8221;accent&#8221; back_image=&#8221;84981&#8243; overlay_color=&#8221;color-210407&#8243; overlay_alpha=&#8221;90&#8243; equal_height=&#8221;yes&#8221; gutter_size=&#8221;0&#8243; column_width_use_pixel=&#8221;yes&#8221; shift_y=&#8221;0&#8243; z_index=&#8221;0&#8243; row_name=&#8221;Welcome&#8221;][vc_column column_width_use_pixel=&#8221;yes&#8221; position_vertical=&#8221;middle&#8221; align_horizontal=&#8221;align_center&#8221; gutter_size=&#8221;3&#8243; style=&#8221;dark&#8221; overlay_alpha=&#8221;50&#8243; shift_x=&#8221;0&#8243; shift_y=&#8221;0&#8243; shift_y_down=&#8221;0&#8243; z_index=&#8221;0&#8243; medium_width=&#8221;0&#8243; mobile_width=&#8221;0&#8243; width=&#8221;1\/1&#8243;][vc_custom_heading css_animation=&#8221;top-t-bottom&#8221; animation_speed=&#8221;400&#8243;]FitnessConnected ist mehr als eine neue Leitmesse.[\/vc_custom_heading][vc_column_text text_lead=&#8221;yes&#8221; css_animation=&#8221;bottom-t-top&#8221; animation_delay=&#8221;2000&#8243;]Es ist ein ganzheitliches B2B-Ecosystem f\u00fcr Marketing, Vertrieb und Networking. Eine smarte Antwort auf die Frage: Wie k\u00f6nnen Sie als Player im internationalen Fitness-, Gesundheits- und Sportmarkt auch in Zukunft Produkte und Services erfolgreich positionieren und pr\u00e4sentieren? Daf\u00fcr nutzen wir drei starke S\u00e4ulen: Premium-Fachmesse, Innovations-Plattform und zus\u00e4tzliche Touchpoints.[\/vc_column_text][\/vc_column][\/vc_row][vc_row unlock_row_content=&#8221;yes&#8221; row_height_percent=&#8221;50&#8243; override_padding=&#8221;yes&#8221; h_padding=&#8221;0&#8243; top_padding=&#8221;0&#8243; bottom_padding=&#8221;0&#8243; overlay_alpha=&#8221;50&#8243; equal_height=&#8221;yes&#8221; gutter_size=&#8221;0&#8243; column_width_percent=&#8221;100&#8243; shift_y=&#8221;0&#8243; z_index=&#8221;0&#8243; el_class=&#8221;inverted-device-order&#8221;][vc_column column_width_percent=&#8221;100&#8243; gutter_size=&#8221;3&#8243; back_image=&#8221;84292&#8243; overlay_alpha=&#8221;50&#8243; shift_x=&#8221;0&#8243; shift_y=&#8221;0&#8243; shift_y_down=&#8221;0&#8243; z_index=&#8221;0&#8243; medium_width=&#8221;0&#8243; mobile_width=&#8221;0&#8243; width=&#8221;1\/2&#8243; mobile_height=&#8221;300&#8243; el_class=&#8221;inverted-order-device&#8221;][\/vc_column][vc_column column_width_use_pixel=&#8221;yes&#8221; position_vertical=&#8221;middle&#8221; gutter_size=&#8221;2&#8243; override_padding=&#8221;yes&#8221; column_padding=&#8221;4&#8243; back_color=&#8221;color-164593&#8243; overlay_alpha=&#8221;50&#8243; shift_x=&#8221;0&#8243; shift_y=&#8221;0&#8243; shift_y_down=&#8221;0&#8243; z_index=&#8221;0&#8243; medium_width=&#8221;0&#8243; mobile_width=&#8221;0&#8243; width=&#8221;1\/2&#8243; column_width_pixel=&#8221;750&#8243;][vc_column_text]Mit dieser einzigartigen und zeitgem\u00e4\u00dfen Kombination verkn\u00fcpfen wir die Vorteile einer hochwertigen Fachveranstaltung in Pr\u00e4senz mit denen einer umfassenden digitalen Plattform. Unsere Kunden profitieren davon 365 Tage im Jahre \u2013 zu einem sehr guten Preis-Leistungs-Verh\u00e4ltnis!<\/p>\n<p>Wir sind fest davon \u00fcberzeugt: Gesundheit braucht Fitness! Das zeigt die aktuelle Corona-Pandemie besonders eindr\u00fccklich. Und wir glauben: Erst recht jetzt muss die Branche st\u00e4rker zusammenr\u00fccken und Chancen und Aufgaben neu definieren. FitnessConnected unterst\u00fctzt die Fitnesswirtschaft dabei, sich zukunftsf\u00e4hig aufzustellen, Player mit \u00e4hnlichen Zielen zu vernetzen, Synergien zu nutzen und Innovationen branchen\u00fcbergreifend voranzutreiben.<\/p>\n<p>Wir ebnen den Weg von einer \u201eFitnessbranche\u201c hin zu einer vernetzten und spezialisierten \u201eFitnesswirtschaft\u201c mit Erlebnischarakter. Die den Gesundheitsaspekt noch st\u00e4rker fokussiert und ihre systemrelevante soziale Funktion in der Gesellschaft selbstbewusst vertritt.[\/vc_column_text][\/vc_column][\/vc_row][vc_row row_height_percent=&#8221;0&#8243; override_padding=&#8221;yes&#8221; h_padding=&#8221;7&#8243; top_padding=&#8221;5&#8243; bottom_padding=&#8221;2&#8243; overlay_alpha=&#8221;50&#8243; gutter_size=&#8221;3&#8243; column_width_percent=&#8221;100&#8243; shift_y=&#8221;0&#8243; z_index=&#8221;0&#8243;][vc_column column_width_percent=&#8221;100&#8243; align_horizontal=&#8221;align_center&#8221; gutter_size=&#8221;3&#8243; overlay_alpha=&#8221;50&#8243; shift_x=&#8221;0&#8243; shift_y=&#8221;0&#8243; shift_y_down=&#8221;0&#8243; z_index=&#8221;0&#8243; medium_width=&#8221;0&#8243; mobile_width=&#8221;0&#8243; width=&#8221;1\/1&#8243;][vc_custom_heading subheading=&#8221;Unser ganzheitliches B2B-Ecosystem verbindet die Vorz\u00fcge von Online- und Offline-Welt auf innovative Weise. F\u00fcr Ihr pers\u00f6nliches Business bedeutet das: Bessere Planbarkeit, h\u00f6here Verl\u00e4sslichkeit, mehr Zukunftsorientierung \u2013 auch in schwierigen Zeiten! Daf\u00fcr sorgen drei starke S\u00e4ulen:&#8221;]Drei starke S\u00e4ulen f\u00fcr Ihren Gesch\u00e4ftserfolg:<br \/>\nunser B2B-Ecosystem[\/vc_custom_heading][\/vc_column][\/vc_row][vc_row row_height_percent=&#8221;0&#8243; override_padding=&#8221;yes&#8221; h_padding=&#8221;2&#8243; top_padding=&#8221;2&#8243; bottom_padding=&#8221;5&#8243; overlay_alpha=&#8221;50&#8243; equal_height=&#8221;yes&#8221; gutter_size=&#8221;3&#8243; column_width_percent=&#8221;100&#8243; shift_y=&#8221;0&#8243; z_index=&#8221;0&#8243; el_class=&#8221;inverted-device-order&#8221; row_height_pixel=&#8221;725&#8243;][vc_column column_width_percent=&#8221;100&#8243; gutter_size=&#8221;3&#8243; style=&#8221;dark&#8221; back_color=&#8221;color-210407&#8243; overlay_alpha=&#8221;50&#8243; shift_x=&#8221;0&#8243; shift_y=&#8221;0&#8243; shift_y_down=&#8221;0&#8243; z_index=&#8221;0&#8243; medium_width=&#8221;0&#8243; mobile_width=&#8221;0&#8243; width=&#8221;1\/3&#8243; el_class=&#8221;alignedBottom&#8221;][vc_custom_heading heading_semantic=&#8221;h5&#8243; text_size=&#8221;h5&#8243; text_transform=&#8221;uppercase&#8221; text_color=&#8221;accent&#8221;]Commercial\u00a0Fitness<br \/>\n<span style=\"color: #0292a4;\">.<\/span>[\/vc_custom_heading][vc_custom_heading heading_semantic=&#8221;h3&#8243; subheading=&#8221;Unsere Premium-Fachmesse vom 18. bis 20. November 2021 auf dem Gel\u00e4nde der Messe M\u00fcnchen ist das Kernst\u00fcck unseres B2B-Ecosystems.<\/p>\n<p>Sie als Aussteller<\/p>\n<ul>\n<li>profitieren von einem sehr guten Preis-Leistungs-Verh\u00e4ltnis<\/li>\n<li>treffen pers\u00f6nlich auf qualitativ hochwertige Fachbesucher<\/li>\n<li>generieren spannende neue Gesch\u00e4ftskontakte \u00fcber innovative L\u00f6sungen<\/li>\n<\/ul>\n<p>&#8220;]Premium-Fachmesse[\/vc_custom_heading][vc_button button_color=&#8221;accent&#8221; border_width=&#8221;0&#8243; link=&#8221;url:http%3A%2F%2Fwp1002813.server-he.de%2F_fc%2Fdaten-fakten%2F|title:Daten%20%26%20Fakten&#8221;]Zur Messe[\/vc_button][\/vc_column][vc_column column_width_percent=&#8221;100&#8243; gutter_size=&#8221;3&#8243; style=&#8221;dark&#8221; back_color=&#8221;color-210407&#8243; overlay_alpha=&#8221;50&#8243; shift_x=&#8221;0&#8243; shift_y=&#8221;0&#8243; shift_y_down=&#8221;0&#8243; z_index=&#8221;0&#8243; medium_width=&#8221;0&#8243; mobile_width=&#8221;0&#8243; width=&#8221;1\/3&#8243;][vc_custom_heading heading_semantic=&#8221;h5&#8243; text_size=&#8221;h5&#8243; text_transform=&#8221;uppercase&#8221; text_color=&#8221;accent&#8221;]Commercial Fitness \/\u00a0Home Fitness \/ Handel[\/vc_custom_heading][vc_custom_heading heading_semantic=&#8221;h3&#8243; subheading=&#8221;Unsere Innovations-Plattform erg\u00e4nzt die Premium-Fachmesse h\u00f6chst effektiv: Mit diesem interaktiven Vertriebs-Tool platzieren Sie Ihre Innovationen an 365 Tagen im Jahr.<\/p>\n<p>Sie als Aussteller<\/p>\n<ul>\n<li>pr\u00e4sentieren schnell und einfach Ihre neuen Produkte und Services<\/li>\n<li>stellen direkten Kontakt zu Ihren Sales Mitarbeitern her<\/li>\n<li>k\u00f6nnen regelm\u00e4\u00dfige Verkaufspr\u00e4sentationen durchf\u00fchren<\/li>\n<\/ul>\n<p>&#8220;]Innovations-Plattform[\/vc_custom_heading][vc_button button_color=&#8221;accent&#8221; border_width=&#8221;0&#8243; link=&#8221;url:http%3A%2F%2Fwp1002813.server-he.de%2F_fc%2Fprodukte%2F|title:Produkte&#8221;]Zu den Innovationen[\/vc_button][\/vc_column][vc_column column_width_percent=&#8221;100&#8243; gutter_size=&#8221;3&#8243; expand_height=&#8221;yes&#8221; style=&#8221;dark&#8221; back_color=&#8221;color-210407&#8243; overlay_alpha=&#8221;50&#8243; shift_x=&#8221;0&#8243; shift_y=&#8221;0&#8243; shift_y_down=&#8221;0&#8243; z_index=&#8221;0&#8243; medium_width=&#8221;0&#8243; mobile_width=&#8221;0&#8243; width=&#8221;1\/3&#8243; el_class=&#8221;alignedBottom&#8221;][vc_custom_heading heading_semantic=&#8221;h5&#8243; text_size=&#8221;h5&#8243; text_transform=&#8221;uppercase&#8221; text_color=&#8221;accent&#8221;]Home Fitness \/ Outdoor Fitness \/ Handel[\/vc_custom_heading][vc_custom_heading heading_semantic=&#8221;h3&#8243; subheading=&#8221;Unsere Additional Touchpoints machen das B2B-Ecosystem komplett. Als Part of the ISPO-Network bieten wir Ihnen attraktive Sonderfl\u00e4chen und kommunikative Begleitung bei zwei weiteren Branchen-Highlights:<\/p>\n<ul>\n<li>auf der ISPO Munich<\/li>\n<li>auf der OutDoor by ISPO<\/li>\n<\/ul>\n<p>&#8220;]Additional Touchpoints[\/vc_custom_heading][vc_button button_color=&#8221;accent&#8221; border_width=&#8221;0&#8243; link=&#8221;url:http%3A%2F%2Fwp1002813.server-he.de%2F_fc%2Ftouchpoints%2F|title:Touchpoints&#8221; el_class=&#8221;alignBottom&#8221;]Zu den Touchpoints[\/vc_button][\/vc_column][\/vc_row][vc_row row_height_percent=&#8221;0&#8243; override_padding=&#8221;yes&#8221; h_padding=&#8221;2&#8243; top_padding=&#8221;5&#8243; bottom_padding=&#8221;5&#8243; back_color=&#8221;color-164593&#8243; overlay_alpha=&#8221;100&#8243; gutter_size=&#8221;100&#8243; column_width_percent=&#8221;100&#8243; shift_y=&#8221;0&#8243; z_index=&#8221;0&#8243; style=&#8221;inherited&#8221;][vc_column width=&#8221;1\/2&#8243;][vc_single_image media=&#8221;84975&#8243; media_width_percent=&#8221;100&#8243; shadow=&#8221;yes&#8221; shadow_weight=&#8221;std&#8221;][\/vc_column][vc_column width=&#8221;1\/2&#8243;][vc_custom_heading subheading=&#8221;Erfinder und Kopf der FitnessConnected ist Ralph Scholz. Er gilt als einer der erfahrensten und profiliertesten Experten der Branche im deutschsprachigen Raum. In \u00fcber 30 Jahren hat sich der Diplom-Kommunikationsfachwirt eine sehr breite und interdisziplin\u00e4re Expertise in den Marktsegmenten Sport, Fitness, Gesundheit und Pflege aufgebaut.<\/p>\n<p>Diese sowie sein umfassendes Experten- und Kundennetzwerk kommen dem einzigartigen Konzept der FitnessConnected zugute. Hier realisiert er seine Vision: eine vernetzte, gesundheits- und zukunftsorientierte Fitnesswirtschaft, die ihre systemrelevante Position in der Gesellschaft klar kommuniziert.&#8221;]\u00dcber 30 Jahre Know-how, Erfahrung und Networking[\/vc_custom_heading][vc_button button_color=&#8221;accent&#8221; border_width=&#8221;0&#8243; link=&#8221;url:http%3A%2F%2Fsports-connected.de&#8221;]Mehr zu Ralph Scholz[\/vc_button][\/vc_column][\/vc_row][vc_row row_height_percent=&#8221;0&#8243; override_padding=&#8221;yes&#8221; h_padding=&#8221;2&#8243; top_padding=&#8221;5&#8243; bottom_padding=&#8221;5&#8243; overlay_alpha=&#8221;50&#8243; gutter_size=&#8221;3&#8243; column_width_percent=&#8221;100&#8243; shift_y=&#8221;0&#8243; z_index=&#8221;0&#8243; top_divider=&#8221;gradient&#8221;][vc_column column_width_percent=&#8221;100&#8243; gutter_size=&#8221;4&#8243; overlay_alpha=&#8221;50&#8243; shift_x=&#8221;0&#8243; shift_y=&#8221;0&#8243; shift_y_down=&#8221;0&#8243; z_index=&#8221;0&#8243; medium_width=&#8221;0&#8243; mobile_width=&#8221;0&#8243; width=&#8221;1\/1&#8243;][vc_row_inner row_inner_height_percent=&#8221;0&#8243; overlay_alpha=&#8221;50&#8243; gutter_size=&#8221;0&#8243; shift_y=&#8221;0&#8243; z_index=&#8221;0&#8243;][vc_column_inner column_width_percent=&#8221;100&#8243; gutter_size=&#8221;3&#8243; overlay_alpha=&#8221;50&#8243; shift_x=&#8221;0&#8243; shift_y=&#8221;0&#8243; shift_y_down=&#8221;0&#8243; z_index=&#8221;0&#8243; medium_width=&#8221;0&#8243; mobile_width=&#8221;0&#8243; width=&#8221;1\/2&#8243;][vc_custom_heading heading_semantic=&#8221;h3&#8243;]Unsere Partner[\/vc_custom_heading][\/vc_column_inner][vc_column_inner column_width_percent=&#8221;100&#8243; gutter_size=&#8221;3&#8243; overlay_alpha=&#8221;50&#8243; shift_x=&#8221;0&#8243; shift_y=&#8221;0&#8243; shift_y_down=&#8221;0&#8243; z_index=&#8221;0&#8243; medium_width=&#8221;0&#8243; mobile_width=&#8221;0&#8243; width=&#8221;1\/2&#8243;][vc_gallery el_id=&#8221;gallery-85457123&#8243; isotope_mode=&#8221;cellsByRow&#8221; medias=&#8221;85456,85459,85449,85320,85447,85444,85538&#8243; gutter_size=&#8221;4&#8243; media_items=&#8221;media|custom_link|original,icon&#8221; screen_lg=&#8221;100&#8243; screen_md=&#8221;100&#8243; screen_sm=&#8221;100&#8243; single_overlay_color=&#8221;color-xsdn&#8221; single_overlay_opacity=&#8221;50&#8243; single_text_anim=&#8221;no&#8221; single_image_anim=&#8221;no&#8221; single_padding=&#8221;2&#8243; single_border=&#8221;yes&#8221; single_link=&#8221;url:%23|||rel:nofollow&#8221; items=&#8221;eyI4NTQ0OV9pIjp7InNpbmdsZV9saW5rIjoidXJsOmh0dHBzJTNBJTJGJTJGd3d3LmlmYWEuZGV8dGl0bGU6SUZBQSUyMEZpdG5lc3Nha2FkZW1pZXx0YXJnZXQ6X2JsYW5rfHJlbDpub2ZvbGxvdyJ9LCI4NTQ0N19pIjp7InNpbmdsZV9saW5rIjoidXJsOmh0dHBzJTNBJTJGJTJGb25lLWhvc3BpdGFsaXR5LmRlfHRpdGxlOk9uZSUyMEhvc3BpdGFsaXR5JTIwR21iSHx0YXJnZXQ6X2JsYW5rfHJlbDpub2ZvbGxvdyJ9LCI4NTMxOF9pIjp7InNpbmdsZV9saW5rIjoidXJsOmh0dHBzJTNBJTJGJTJGd3d3LmFjaXNvLmNvbXx0aXRsZTpBQ0lTTyUyMEZpdG5lc3MlMjAlMjYlMjBIZWFsdGglMjBHbWJIfHRhcmdldDpfYmxhbmt8cmVsOm5vZm9sbG93In0sIjg1MzIwX2kiOnsic2luZ2xlX2xpbmsiOiJ1cmw6aHR0cHMlM0ElMkYlMkZ3d3cuaWhyc2Eub3JnfHRpdGxlOklIUlNBJTNBJTIwS2VlcGluZyUyMENsdWJzJTIwT3Blbnx0YXJnZXQ6X2JsYW5rfHJlbDpub2ZvbGxvdyJ9LCI4NTQ0NF9pIjp7InNpbmdsZV9saW5rIjoidXJsOmh0dHBzJTNBJTJGJTJGcGZsYXVtLmRlfHRpdGxlOlBmbGF1bSUyMFZlcmxhZ3x0YXJnZXQ6X2JsYW5rfHJlbDpub2ZvbGxvdyJ9LCI4NTQ0Ml9pIjp7InNpbmdsZV9saW5rIjoidXJsOmh0dHBzJTNBJTJGJTJGd3d3LmlzcG8uY29tfHRpdGxlOklTUE8lMjBBY2NlbGVyYXRpbmclMjBTcG9ydHMlMjAtJTIwRGFzJTIwZ2xvYmFsZSUyMFNwb3J0bmV0endlcmsufHRhcmdldDpfYmxhbmt8cmVsOm5vZm9sbG93In0sIjg1NDU2X2kiOnsic2luZ2xlX2xpbmsiOiJ1cmw6aHR0cHMlM0ElMkYlMkZ3d3cuYWNpc28uY29tfHRpdGxlOkFDSVNPJTIwRml0bmVzcyUyMCUyNiUyMEhlYWx0aCUyMEdtYkh8dGFyZ2V0Ol9ibGFua3xyZWw6bm9mb2xsb3cifSwiODU0NTlfaSI6eyJzaW5nbGVfbGluayI6InVybDpodHRwcyUzQSUyRiUyRnd3dy5leHBlcnRlbmFsbGlhbnotZ2VzdW5kaGVpdC5kZXx0aXRsZTpFeHBlcnRlbiUyMEFsbGlhbnolMjBmJUMzJUJDciUyMEdlc3VuZGhlaXR8dGFyZ2V0Ol9ibGFua3xyZWw6bm9mb2xsb3cifSwiODU1MjZfaSI6eyJzaW5nbGVfbGluayI6InVybDpodHRwcyUzQSUyRiUyRnd3dy5ib2R5bGlmZS5jb218dGl0bGU6Ym9keUxJRkUlMjBNZWRpZW4lMjBHbWJIfHRhcmdldDpfYmxhbmt8cmVsOm5vZm9sbG93In19&#8243;][\/vc_column_inner][\/vc_row_inner][\/vc_column][\/vc_row][vc_row unlock_row_content=&#8221;yes&#8221; row_height_percent=&#8221;0&#8243; override_padding=&#8221;yes&#8221; h_padding=&#8221;0&#8243; top_padding=&#8221;0&#8243; bottom_padding=&#8221;0&#8243; overlay_alpha=&#8221;100&#8243; gutter_size=&#8221;0&#8243; style=&#8221;inherited&#8221;][\/vc_row][vc_row unlock_row_content=&#8221;yes&#8221; row_height_percent=&#8221;0&#8243; override_padding=&#8221;yes&#8221; h_padding=&#8221;0&#8243; top_padding=&#8221;0&#8243; bottom_padding=&#8221;0&#8243; overlay_alpha=&#8221;50&#8243; equal_height=&#8221;yes&#8221; gutter_size=&#8221;0&#8243; shift_y=&#8221;0&#8243;][\/vc_row]<\/p>\n","protected":false},"excerpt":{"rendered":"<p>[vc_row row_height_percent=&#8221;90&#8243; back_color=&#8221;accent&#8221; back_image=&#8221;84981&#8243; overlay_color=&#8221;color-210407&#8243; overlay_alpha=&#8221;90&#8243; equal_height=&#8221;yes&#8221; gutter_size=&#8221;0&#8243; column_width_use_pixel=&#8221;yes&#8221; shift_y=&#8221;0&#8243; z_index=&#8221;0&#8243; row_name=&#8221;Welcome&#8221;][vc_column column_width_use_pixel=&#8221;yes&#8221; position_vertical=&#8221;middle&#8221; align_horizontal=&#8221;align_center&#8221; gutter_size=&#8221;3&#8243; style=&#8221;dark&#8221; overlay_alpha=&#8221;50&#8243; shift_x=&#8221;0&#8243; shift_y=&#8221;0&#8243; [&hellip;]<\/p>\n","protected":false},"author":1,"featured_media":0,"parent":0,"menu_order":0,"comment_status":"closed","ping_status":"closed","template":"","meta":[],"_links":{"self":[{"href":"http:\/\/wp1002813.server-he.de\/_fc\/wp-json\/wp\/v2\/pages\/83897"}],"collection":[{"href":"http:\/\/wp1002813.server-he.de\/_fc\/wp-json\/wp\/v2\/pages"}],"about":[{"href":"http:\/\/wp1002813.server-he.de\/_fc\/wp-json\/wp\/v2\/types\/page"}],"author":[{"embeddable":true,"href":"http:\/\/wp1002813.server-he.de\/_fc\/wp-json\/wp\/v2\/users\/1"}],"replies":[{"embeddable":true,"href":"http:\/\/wp1002813.server-he.de\/_fc\/wp-json\/wp\/v2\/comments?post=83897"}],"version-history":[{"count":137,"href":"http:\/\/wp1002813.server-he.de\/_fc\/wp-json\/wp\/v2\/pages\/83897\/revisions"}],"predecessor-version":[{"id":85881,"href":"http:\/\/wp1002813.server-he.de\/_fc\/wp-json\/wp\/v2\/pages\/83897\/revisions\/85881"}],"wp:attachment":[{"href":"http:\/\/wp1002813.server-he.de\/_fc\/wp-json\/wp\/v2\/media?parent=83897"}],"curies":[{"name":"wp","href":"https:\/\/api.w.org\/{rel}","templated":true}]}}